{"id":417,"date":"2020-10-08T12:57:12","date_gmt":"2020-10-08T15:57:12","guid":{"rendered":"http:\/\/catacargo.com\/cargasyencomiendas\/prueba\/?page_id=417"},"modified":"2020-10-19T13:16:33","modified_gmt":"2020-10-19T16:16:33","slug":"servicios","status":"publish","type":"page","link":"https:\/\/catacargo.com\/cargasyencomiendas\/servicios\/","title":{"rendered":"SERVICIOS"},"content":{"rendered":"<p>[et_pb_section fb_built=&#8221;1&#8243; disabled_on=&#8221;on|off|off&#8221; _builder_version=&#8221;3.12.2&#8243; use_background_color_gradient=&#8221;on&#8221; background_color_gradient_start=&#8221;#E20613&#8243; background_color_gradient_end=&#8221;#E1BE7B&#8221; background_color_gradient_direction=&#8221;60deg&#8221; background_image=&#8221;http:\/\/catacargo.com\/cargasyencomiendas\/wp-content\/uploads\/2020\/10\/Servicios.jpg&#8221;][et_pb_row _builder_version=&#8221;3.12.2&#8243;][et_pb_column type=&#8221;4_4&#8243; _builder_version=&#8221;3.12.2&#8243; parallax=&#8221;off&#8221; parallax_method=&#8221;on&#8221;][et_pb_text _builder_version=&#8221;3.12.2&#8243; text_font=&#8221;||||||||&#8221; header_font=&#8221;Source Sans Pro||||||||&#8221; header_text_align=&#8221;right&#8221; header_text_color=&#8221;#ffffff&#8221; header_font_size=&#8221;47px&#8221; header_text_shadow_style=&#8221;preset2&#8243;]<\/p>\n<h1>TODO LO QUE QUIERAS ENVIAR<\/h1>\n<p>[\/et_pb_text][et_pb_text _builder_version=&#8221;3.12.2&#8243; text_font=&#8221;||||||||&#8221; header_font=&#8221;||||||||&#8221; header_2_font=&#8221;|800|||||||&#8221; header_2_text_align=&#8221;right&#8221; header_2_text_color=&#8221;#ffffff&#8221; header_2_font_size=&#8221;44px&#8221; header_2_text_shadow_style=&#8221;preset2&#8243; custom_margin=&#8221;-37px|||&#8221;]<\/p>\n<h2>NOSOTROS LO LLEVAMOS<\/h2>\n<p>[\/et_pb_text][\/et_pb_column][\/et_pb_row][\/et_pb_section][et_pb_section fb_built=&#8221;1&#8243; disabled_on=&#8221;off|on|on&#8221; _builder_version=&#8221;3.12.2&#8243; background_image=&#8221;http:\/\/catacargo.com\/cargasyencomiendas\/wp-content\/uploads\/2020\/10\/CARGO-Servicios-Section02.png&#8221;][et_pb_row _builder_version=&#8221;3.12.2&#8243;][et_pb_column type=&#8221;4_4&#8243; _builder_version=&#8221;3.12.2&#8243; parallax=&#8221;off&#8221; parallax_method=&#8221;on&#8221;][et_pb_text _builder_version=&#8221;3.12.2&#8243; text_font=&#8221;||||||||&#8221; header_font=&#8221;Source Sans Pro||||||||&#8221; header_text_align=&#8221;right&#8221; header_text_color=&#8221;#ffffff&#8221; header_font_size=&#8221;47px&#8221; header_text_shadow_style=&#8221;preset2&#8243;]<\/p>\n<h1>TODO LO QUE QUIERAS ENVIAR<\/h1>\n<p>[\/et_pb_text][et_pb_text _builder_version=&#8221;3.12.2&#8243; text_font=&#8221;||||||||&#8221; header_font=&#8221;||||||||&#8221; header_2_font=&#8221;|800|||||||&#8221; header_2_text_align=&#8221;right&#8221; header_2_text_color=&#8221;#ffffff&#8221; header_2_font_size=&#8221;44px&#8221; header_2_text_shadow_style=&#8221;preset2&#8243; custom_margin=&#8221;-37px|||&#8221;]<\/p>\n<h2>NOSOTROS LO LLEVAMOS<\/h2>\n<p>[\/et_pb_text][\/et_pb_column][\/et_pb_row][\/et_pb_section][et_pb_section fb_built=&#8221;1&#8243; _builder_version=&#8221;3.12.2&#8243; custom_padding=&#8221;54px|0px|91px|0px|false|false&#8221;][et_pb_row custom_padding=&#8221;6px||0px|0px&#8221; background_color_1=&#8221;#e6e6e6&#8243; background_color_2=&#8221;#e6e6e6&#8243; background_color_3=&#8221;#e6e6e6&#8243; padding_top_1=&#8221;0px&#8221; padding_right_1=&#8221;25px&#8221; padding_right_2=&#8221;25px&#8221; padding_right_3=&#8221;25px&#8221; padding_bottom_1=&#8221;35px&#8221; padding_bottom_2=&#8221;35px&#8221; padding_bottom_3=&#8221;14px&#8221; padding_left_1=&#8221;25px&#8221; padding_left_2=&#8221;25px&#8221; padding_left_3=&#8221;25px&#8221; _builder_version=&#8221;3.12.2&#8243;][et_pb_column type=&#8221;1_3&#8243; _builder_version=&#8221;3.12.2&#8243; padding_bottom=&#8221;35px&#8221; padding_left=&#8221;25px&#8221; padding_right=&#8221;25px&#8221; padding_top=&#8221;0px&#8221; background_color=&#8221;#e6e6e6&#8243; parallax=&#8221;off&#8221; parallax_method=&#8221;on&#8221;][et_pb_image src=&#8221;http:\/\/catacargo.com\/cargasyencomiendas\/wp-content\/uploads\/2020\/10\/CAR-Serv-Section01.jpg&#8221; _builder_version=&#8221;3.12.2&#8243; animation_style=&#8221;fold&#8221;][\/et_pb_image][et_pb_text _builder_version=&#8221;3.12.2&#8243; header_font=&#8221;||||||||&#8221; header_font_size=&#8221;25px&#8221; header_3_font=&#8221;Source Sans Pro|600|||||||&#8221; header_3_text_align=&#8221;center&#8221; header_3_text_color=&#8221;#e20613&#8243; header_3_font_size=&#8221;35px&#8221; header_3_font_size_phone=&#8221;27px&#8221; header_3_font_size_last_edited=&#8221;on|phone&#8221;]<\/p>\n<h3>ENCOMIENDAS<\/h3>\n<p>[\/et_pb_text][et_pb_text _builder_version=&#8221;3.12.2&#8243; text_font=&#8221;Source Sans Pro|600|||||||&#8221; text_text_color=&#8221;#565656&#8243; text_font_size=&#8221;18px&#8221; header_font=&#8221;||||||||&#8221; text_orientation=&#8221;center&#8221;]<\/p>\n<p><em>Tus env\u00edos seguros y a tiempo. Hasta 50 kg, a todo el pa\u00eds, en un tiempo m\u00ednimo de entrega.<\/em><\/p>\n<p>[\/et_pb_text][\/et_pb_column][et_pb_column type=&#8221;1_3&#8243; _builder_version=&#8221;3.12.2&#8243; padding_bottom=&#8221;35px&#8221; padding_left=&#8221;25px&#8221; padding_right=&#8221;25px&#8221; background_color=&#8221;#e6e6e6&#8243; parallax=&#8221;off&#8221; parallax_method=&#8221;on&#8221;][et_pb_image src=&#8221;http:\/\/catacargo.com\/cargasyencomiendas\/wp-content\/uploads\/2020\/10\/CAR-Serv-Section02.png&#8221; _builder_version=&#8221;3.12.2&#8243; animation_style=&#8221;fold&#8221;][\/et_pb_image][et_pb_text _builder_version=&#8221;3.12.2&#8243; header_font=&#8221;||||||||&#8221; header_font_size=&#8221;25px&#8221; header_3_font=&#8221;Source Sans Pro|600|||||||&#8221; header_3_text_align=&#8221;center&#8221; header_3_text_color=&#8221;#e20613&#8243; header_3_font_size=&#8221;35px&#8221; header_3_font_size_phone=&#8221;27px&#8221; header_3_font_size_last_edited=&#8221;on|phone&#8221;]<\/p>\n<h3>CARGAS<\/h3>\n<p>[\/et_pb_text][et_pb_text _builder_version=&#8221;3.12.2&#8243; text_font=&#8221;Source Sans Pro|600|||||||&#8221; text_text_color=&#8221;#565656&#8243; text_font_size=&#8221;18px&#8221; text_orientation=&#8221;center&#8221;]<\/p>\n<p><em>Soluciones de log\u00edstica para empresas y particulares. Adem\u00e1s realizamos env\u00edos de mudanzas<\/em><\/p>\n<p>[\/et_pb_text][\/et_pb_column][et_pb_column type=&#8221;1_3&#8243; _builder_version=&#8221;3.12.2&#8243; padding_bottom=&#8221;14px&#8221; padding_left=&#8221;25px&#8221; padding_right=&#8221;25px&#8221; background_color=&#8221;#e6e6e6&#8243; parallax=&#8221;off&#8221; parallax_method=&#8221;on&#8221;][et_pb_image src=&#8221;http:\/\/catacargo.com\/cargasyencomiendas\/wp-content\/uploads\/2020\/10\/CAR-Serv-Section03.jpg&#8221; _builder_version=&#8221;3.12.2&#8243; animation_style=&#8221;fold&#8221;][\/et_pb_image][et_pb_text _builder_version=&#8221;3.12.2&#8243; header_font=&#8221;||||||||&#8221; header_font_size=&#8221;25px&#8221; header_3_font=&#8221;Source Sans Pro|600|||||||&#8221; header_3_text_align=&#8221;center&#8221; header_3_text_color=&#8221;#e20613&#8243; header_3_font_size=&#8221;35px&#8221; header_3_font_size_phone=&#8221;27px&#8221; header_3_font_size_last_edited=&#8221;on|phone&#8221;]<\/p>\n<h3>DOCUMENTACI\u00d3N<\/h3>\n<p>[\/et_pb_text][et_pb_text _builder_version=&#8221;3.12.2&#8243; text_font=&#8221;Source Sans Pro|600|||||||&#8221; text_text_color=&#8221;#565656&#8243; text_font_size=&#8221;18px&#8221; text_orientation=&#8221;center&#8221;]<em>Entrega de documentaci\u00f3n en 24 horas. Impermeable, inviolable y con c\u00f3digo de verificaci\u00f3n.<\/em><br \/>Consultar seg\u00fan agencia[\/et_pb_text][\/et_pb_column][\/et_pb_row][\/et_pb_section][et_pb_section fb_built=&#8221;1&#8243; _builder_version=&#8221;3.12.2&#8243; custom_padding=&#8221;0|0px|31px|0px|false|false&#8221;][et_pb_row _builder_version=&#8221;3.12.2&#8243;][et_pb_column type=&#8221;4_4&#8243; _builder_version=&#8221;3.12.2&#8243; parallax=&#8221;off&#8221; parallax_method=&#8221;on&#8221;][et_pb_text _builder_version=&#8221;3.12.2&#8243; text_font=&#8221;||||||||&#8221; header_font=&#8221;||||||||&#8221; header_text_color=&#8221;#e30613&#8243; header_4_font=&#8221;Source Sans Pro||||||||&#8221; header_4_text_align=&#8221;center&#8221; header_4_text_color=&#8221;#e30613&#8243; header_4_font_size=&#8221;34px&#8221;]<\/p>\n<h4>Modalidad de env\u00edo<\/h4>\n<p>[\/et_pb_text][et_pb_text _builder_version=&#8221;3.12.2&#8243; text_font=&#8221;||||||||&#8221; text_font_size=&#8221;22px&#8221; header_font=&#8221;||||||||&#8221; text_orientation=&#8221;center&#8221; custom_margin=&#8221;-32px|||&#8221;]<\/p>\n<p>UNA SOLUCI\u00d3N PARA CADA NECESIDAD<\/p>\n<p>[\/et_pb_text][\/et_pb_column][\/et_pb_row][et_pb_row _builder_version=&#8221;3.12.2&#8243;][et_pb_column type=&#8221;4_4&#8243; _builder_version=&#8221;3.12.2&#8243; parallax=&#8221;off&#8221; parallax_method=&#8221;on&#8221;][et_pb_accordion open_toggle_text_color=&#8221;#e02b20&#8243; icon_color=&#8221;#e02b20&#8243; _builder_version=&#8221;3.12.2&#8243; body_font=&#8221;Source Sans Pro||||||||&#8221; body_font_size=&#8221;22px&#8221; toggle_font=&#8221;Source Sans Pro||||||||&#8221; toggle_font_size=&#8221;28px&#8221;][et_pb_accordion_item title=&#8221;PUERTA A PUERTA&#8221; open=&#8221;on&#8221; open_toggle_text_color=&#8221;#e02b20&#8243; open_toggle_background_color=&#8221;#ffffff&#8221; closed_toggle_text_color=&#8221;#e30613&#8243; _builder_version=&#8221;3.12.2&#8243; title_text_shadow_horizontal_length=&#8221;0em&#8221; title_text_shadow_vertical_length=&#8221;0em&#8221; title_text_shadow_blur_strength=&#8221;0em&#8221; body_text_shadow_horizontal_length=&#8221;0em&#8221; body_text_shadow_vertical_length=&#8221;0em&#8221; body_text_shadow_blur_strength=&#8221;0em&#8221; border_color_all=&#8221;#e02b20&#8243; text_orientation=&#8221;center&#8221;]<\/p>\n<p>Retiro del env\u00edo en el domicilio del remitente y entrega al destinatario en la direcci\u00f3n indicada.<\/p>\n<p>[\/et_pb_accordion_item][et_pb_accordion_item title=&#8221;CONSOLIDADO&#8221; open=&#8221;off&#8221; open_toggle_text_color=&#8221;#e02b20&#8243; open_toggle_background_color=&#8221;#ffffff&#8221; closed_toggle_text_color=&#8221;#e30613&#8243; _builder_version=&#8221;3.12.2&#8243; title_text_shadow_horizontal_length=&#8221;0em&#8221; title_text_shadow_vertical_length=&#8221;0em&#8221; title_text_shadow_blur_strength=&#8221;0em&#8221; body_text_shadow_horizontal_length=&#8221;0em&#8221; body_text_shadow_vertical_length=&#8221;0em&#8221; body_text_shadow_blur_strength=&#8221;0em&#8221; border_color_all=&#8221;#e02b20&#8243; text_orientation=&#8221;center&#8221;]Agrupamiento de mercanc\u00edas pertenecientes a varios consignatarios, reunidas para ser transportadas en conjunto, con el fin de disminuir costos.[\/et_pb_accordion_item][et_pb_accordion_item title=&#8221;PICKING&#8221; open=&#8221;off&#8221; open_toggle_text_color=&#8221;#e02b20&#8243; open_toggle_background_color=&#8221;#ffffff&#8221; closed_toggle_text_color=&#8221;#e30613&#8243; _builder_version=&#8221;3.12.2&#8243; title_text_shadow_horizontal_length=&#8221;0em&#8221; title_text_shadow_vertical_length=&#8221;0em&#8221; title_text_shadow_blur_strength=&#8221;0em&#8221; body_text_shadow_horizontal_length=&#8221;0em&#8221; body_text_shadow_vertical_length=&#8221;0em&#8221; body_text_shadow_blur_strength=&#8221;0em&#8221; border_color_all=&#8221;#e02b20&#8243; text_orientation=&#8221;center&#8221;]Preparaci\u00f3n de pedidos\u200b a partir de grandes unidades empaquetadas.[\/et_pb_accordion_item][et_pb_accordion_item title=&#8221;TRACKING&#8221; open=&#8221;off&#8221; open_toggle_text_color=&#8221;#e02b20&#8243; open_toggle_background_color=&#8221;#ffffff&#8221; closed_toggle_text_color=&#8221;#e30613&#8243; _builder_version=&#8221;3.12.2&#8243; title_text_shadow_horizontal_length=&#8221;0em&#8221; title_text_shadow_vertical_length=&#8221;0em&#8221; title_text_shadow_blur_strength=&#8221;0em&#8221; body_text_shadow_horizontal_length=&#8221;0em&#8221; body_text_shadow_vertical_length=&#8221;0em&#8221; body_text_shadow_blur_strength=&#8221;0em&#8221; border_color_all=&#8221;#e02b20&#8243; text_orientation=&#8221;center&#8221;]Localizaci\u00f3n, ruta, estado y tiempo estimado de entrega de su env\u00edo.[\/et_pb_accordion_item][et_pb_accordion_item title=&#8221;PAGO EN DESTINO&#8221; open=&#8221;off&#8221; open_toggle_text_color=&#8221;#e02b20&#8243; open_toggle_background_color=&#8221;#ffffff&#8221; closed_toggle_text_color=&#8221;#e30613&#8243; _builder_version=&#8221;3.12.2&#8243; title_text_shadow_horizontal_length=&#8221;0em&#8221; title_text_shadow_vertical_length=&#8221;0em&#8221; title_text_shadow_blur_strength=&#8221;0em&#8221; body_text_shadow_horizontal_length=&#8221;0em&#8221; body_text_shadow_vertical_length=&#8221;0em&#8221; body_text_shadow_blur_strength=&#8221;0em&#8221; border_color_all=&#8221;#e02b20&#8243; text_orientation=&#8221;center&#8221;]Cobro al destinatario de los servicios contratados contra entrega del env\u00edo[\/et_pb_accordion_item][et_pb_accordion_item title=&#8221;GUARDA&#8221; open=&#8221;off&#8221; open_toggle_text_color=&#8221;#e02b20&#8243; open_toggle_background_color=&#8221;#ffffff&#8221; closed_toggle_text_color=&#8221;#e30613&#8243; _builder_version=&#8221;3.12.2&#8243; title_text_shadow_horizontal_length=&#8221;0em&#8221; title_text_shadow_vertical_length=&#8221;0em&#8221; title_text_shadow_blur_strength=&#8221;0em&#8221; body_text_shadow_horizontal_length=&#8221;0em&#8221; body_text_shadow_vertical_length=&#8221;0em&#8221; body_text_shadow_blur_strength=&#8221;0em&#8221; border_color_all=&#8221;#e02b20&#8243; text_orientation=&#8221;center&#8221;]<\/p>\n<p>Almacenamiento de mercanc\u00edas destinada a dep\u00f3sito y conservaci\u00f3n.<br \/> <em>Consultar seg\u00fan agencia<\/em><\/p>\n<p>[\/et_pb_accordion_item][\/et_pb_accordion][\/et_pb_column][\/et_pb_row][\/et_pb_section][et_pb_section fb_built=&#8221;1&#8243; _builder_version=&#8221;3.12.2&#8243; custom_padding=&#8221;0|0px|20px|0px|false|false&#8221;][et_pb_row custom_padding=&#8221;27px|0px|55px|0px|false|false&#8221; _builder_version=&#8221;3.12.2&#8243;][et_pb_column type=&#8221;4_4&#8243; _builder_version=&#8221;3.12.2&#8243; parallax=&#8221;off&#8221; parallax_method=&#8221;on&#8221;][et_pb_text _builder_version=&#8221;3.12.2&#8243; text_font=&#8221;||||||||&#8221; header_font=&#8221;||||||||&#8221; header_text_color=&#8221;#e30613&#8243; header_4_font=&#8221;Source Sans Pro||||||||&#8221; header_4_text_align=&#8221;center&#8221; header_4_text_color=&#8221;#e30613&#8243; header_4_font_size=&#8221;29px&#8221; header_font_size_last_edited=&#8221;on|phone&#8221; header_font_size_phone=&#8221;23px&#8221;]<\/p>\n<h4>\u00bfNecesit\u00e1s asesoramiento sobre alguno de nuestros servicios?<\/h4>\n<p>[\/et_pb_text][et_pb_text _builder_version=&#8221;3.12.2&#8243; text_font=&#8221;||||||||&#8221; text_font_size=&#8221;22px&#8221; header_font=&#8221;||||||||&#8221; text_orientation=&#8221;center&#8221;]<\/p>\n<p>CONSULTANOS<\/p>\n<p>[\/et_pb_text][et_pb_button button_url=&#8221;https:\/\/api.whatsapp.com\/send?phone=5492616985866&#038;text=Hola!%20Quiero%20mas%20informacion&#8221; button_text=&#8221;WHATSAPP +54 9 261 6985866&#8243; button_alignment=&#8221;center&#8221; _builder_version=&#8221;3.12.2&#8243; custom_button=&#8221;on&#8221; button_text_size=&#8221;16px&#8221; button_text_color=&#8221;#ffffff&#8221; button_bg_color=&#8221;#e20613&#8243; button_font=&#8221;||||||||&#8221;][\/et_pb_button][\/et_pb_column][\/et_pb_row][\/et_pb_section]<\/p>\n","protected":false},"excerpt":{"rendered":"<p>[et_pb_section fb_built=&#8221;1&#8243; disabled_on=&#8221;on|off|off&#8221; _builder_version=&#8221;3.12.2&#8243; use_background_color_gradient=&#8221;on&#8221; background_color_gradient_start=&#8221;#E20613&#8243; background_color_gradient_end=&#8221;#E1BE7B&#8221; background_color_gradient_direction=&#8221;60deg&#8221; background_image=&#8221;http:\/\/catacargo.com\/cargasyencomiendas\/wp-content\/uploads\/2020\/10\/Servicios.jpg&#8221;][et_pb_row _builder_version=&#8221;3.12.2&#8243;][et_pb_column type=&#8221;4_4&#8243; _builder_version=&#8221;3.12.2&#8243; parallax=&#8221;off&#8221; parallax_method=&#8221;on&#8221;][et_pb_text _builder_version=&#8221;3.12.2&#8243; text_font=&#8221;||||||||&#8221; header_font=&#8221;Source Sans Pro||||||||&#8221; header_text_align=&#8221;right&#8221; header_text_color=&#8221;#ffffff&#8221; header_font_size=&#8221;47px&#8221; header_text_shadow_style=&#8221;preset2&#8243;] TODO LO QUE QUIERAS ENVIAR [\/et_pb_text][et_pb_text _builder_version=&#8221;3.12.2&#8243; text_font=&#8221;||||||||&#8221; header_font=&#8221;||||||||&#8221; header_2_font=&#8221;|800|||||||&#8221; header_2_text_align=&#8221;right&#8221; header_2_text_color=&#8221;#ffffff&#8221; header_2_font_size=&#8221;44px&#8221; header_2_text_shadow_style=&#8221;preset2&#8243; custom_margin=&#8221;-37px|||&#8221;] NOSOTROS LO LLEVAMOS [\/et_pb_text][\/et_pb_column][\/et_pb_row][\/et_pb_section][et_pb_section fb_built=&#8221;1&#8243; disabled_on=&#8221;off|on|on&#8221; _builder_version=&#8221;3.12.2&#8243; background_image=&#8221;http:\/\/catacargo.com\/cargasyencomiendas\/wp-content\/uploads\/2020\/10\/CARGO-Servicios-Section02.png&#8221;][et_pb_row _builder_version=&#8221;3.12.2&#8243;][et_pb_column type=&#8221;4_4&#8243; _builder_version=&#8221;3.12.2&#8243; parallax=&#8221;off&#8221; parallax_method=&#8221;on&#8221;][et_pb_text _builder_version=&#8221;3.12.2&#8243; text_font=&#8221;||||||||&#8221; header_font=&#8221;Source Sans [&hellip;]<\/p>\n","protected":false},"author":1,"featured_media":0,"parent":0,"menu_order":0,"comment_status":"closed","ping_status":"closed","template":"","meta":{"footnotes":""},"class_list":["post-417","page","type-page","status-publish","hentry"],"_links":{"self":[{"href":"https:\/\/catacargo.com\/cargasyencomiendas\/wp-json\/wp\/v2\/pages\/417","targetHints":{"allow":["GET"]}}],"collection":[{"href":"https:\/\/catacargo.com\/cargasyencomiendas\/wp-json\/wp\/v2\/pages"}],"about":[{"href":"https:\/\/catacargo.com\/cargasyencomiendas\/wp-json\/wp\/v2\/types\/page"}],"author":[{"embeddable":true,"href":"https:\/\/catacargo.com\/cargasyencomiendas\/wp-json\/wp\/v2\/users\/1"}],"replies":[{"embeddable":true,"href":"https:\/\/catacargo.com\/cargasyencomiendas\/wp-json\/wp\/v2\/comments?post=417"}],"version-history":[{"count":57,"href":"https:\/\/catacargo.com\/cargasyencomiendas\/wp-json\/wp\/v2\/pages\/417\/revisions"}],"predecessor-version":[{"id":716,"href":"https:\/\/catacargo.com\/cargasyencomiendas\/wp-json\/wp\/v2\/pages\/417\/revisions\/716"}],"wp:attachment":[{"href":"https:\/\/catacargo.com\/cargasyencomiendas\/wp-json\/wp\/v2\/media?parent=417"}],"curies":[{"name":"wp","href":"https:\/\/api.w.org\/{rel}","templated":true}]}}